11 (base 3) in base 7?
-35005
Convert -a414 (base 11) to base 2.
-11010111110001
100010100010 (base 2) to base 11
172a
-225 (base 16) to base 14
-2b3
What is 408 (base 9) in base 13?
1c7
What is -29 (base 11) in base 10?
-31
What is 10231 (base 4) in base 15?
151
3d0e (base 16) to base 7
63366
54 (base 15) to base 14
59
Convert 12013201 (base 4) to base 2.
110000111100001
Convert 15231 (base 10) to base 8.
35577
What is 16413 (base 10) in base 16?
401d
What is -35763 (base 8) in base 9?
-23042
What is -b0e (base 15) in base 6?
-15305
-623 (base 7) to base 6
-1235
-25403 (base 11) to base 16
-8e48
Convert -971 (base 11) to base 10.
-1167
-4140 (base 7) to base 8
-2651
Convert 4062 (base 7) to base 2.
10110001000
11264 (base 8) to base 9
6510
What is 135363 (base 7) in base 4?
12110331
b9b1 (base 15) to base 12
1a904
Convert c14 (base 15) to base 9.
3651
2304 (base 6) to base 12
394
-637 (base 14) to base 3
-1200101
Convert 35868 (base 10) to base 8.
106034
Convert -215 (base 8) to base 14.
-a1
What is 235 (base 10) in base 9?
281
What is 100122 (base 3) in base 6?
1112
497b (base 14) to base 13
5b05
What is -1232 (base 7) in base 9?
-565
Convert 1022 (base 10) to base 5.
13042
33202 (base 6) to base 2
1001000000010
Convert -2069 (base 13) to base 9.
-6128
What is 43611 (base 9) in base 15?
8887
1122 (base 7) to base 4
12120
What is 3221221 (base 4) in base 15?
466d
26475 (base 9) to base 8
42740
Convert -614 (base 10) to base 16.
-266
Convert 488 (base 14) to base 11.
752
What is -3427 (base 14) in base 13?
-4173
Convert -89 (base 11) to base 2.
-1100001
-19466 (base 10) to base 12
-b322
What is 100101011100 (base 2) in base 6?
15032
What is 3640 (base 16) in base 8?
33100
Convert 300 (base 11) to base 8.
553
Convert 542 (base 8) to base 3.
111010
What is -26a8 (base 12) in base 15?
-14b8
2ba (base 16) to base 2
1010111010
Convert 266 (base 7) to base 15.
9b
What is 4ab (base 12) in base 7?
2030
5349 (base 13) to base 16
2d21
Convert 115672 (base 8) to base 6.
504322
What is 14558 (base 9) in base 3?
111121222
What is 162601 (base 7) in base 13?
11866
What is -346 (base 13) in base 8?
-1065
What is 14ad4 (base 15) in base 10?
66574
Convert 660 (base 12) to base 4.
32220
Convert -8c0 (base 13) to base 6.
-10552
Convert 2254 (base 7) to base 14.
42b
2a786 (base 11) to base 2
1010101000001101
-10100000101001 (base 2) to base 14
-3a65
Convert -27a9 (base 16) to base 11.
-76a0
Convert 1010101110 (base 2) to base 7.
2000
-151 (base 6) to base 2
-1000011
-100330 (base 4) to base 2
-10000111100
5021 (base 7) to base 2
11011000010
-13120231 (base 4) to base 5
-1432003
What is 1878 (base 9) in base 14?
756
Convert 259 (base 16) to base 4.
21121
What is -3210 (base 13) in base 16?
-1b1e
What is -737 (base 12) in base 8?
-2033
What is -23361 (base 10) in base 16?
-5b41
What is 1d46 (base 16) in base 15?
2349
What is 2232 (base 4) in base 8?
256
-2261 (base 12) to base 8
-7351
Convert 934 (base 13) to base 7.
4363
-21230112 (base 4) to base 8
-115426
-47 (base 10) to base 5
-142
Convert -242430 (base 6) to base 16.
-5352
Convert 2540 (base 11) to base 2.
110011101111
What is 4996 (base 10) in base 14?
1b6c
What is 34040 (base 11) in base 2?
1100000010001011
d6c (base 14) to base 15
bb4
423 (base 11) to base 6
2205
What is -122331 (base 4) in base 11?
-1329
What is -20473 (base 11) in base 3?
-1111221102
Convert -cbb (base 13) to base 2.
-100010000110
Convert -2034 (base 8) to base 16.
-41c
What is 177 (base 11) in base 16?
cd
What is -6613 (base 8) in base 3?
-11202102
e8e (base 15) to base 6
23112
What is 9092 (base 11) in base 6?
131532
Convert 23471 (base 8) to base 4.
2130321
-510 (base 9) to base 8
-636
Convert 10000000111 (base 2) to base 12.
71b
Convert 8951 (base 12) to base 9.
22737
What is c3d (base 16) in base 8?
6075
What is -30211 (base 4) in base 3?
-1002211
What is 2132032 (base 4) in base 7?
41344
1449 (base 13) to base 16
b76
13447 (base 9) to base 4
2032123
10376 (base 8) to base 2
1000011111110
What is -10002200 (base 3) in base 12?
-1383
What is 21106 (base 7) in base 14?
1c76
What is 495a (base 11) in base 12?
38ba
What is 67 (base 8) in base 16?
37
What is -20343 (base 5) in base 2?
-10101000100
Convert -1b1 (base 13) to base 4.
-10321
Convert -102322 (base 4) to base 2.
-10010111010
-40023 (base 6) to base 13
-249c
336 (base 7) to base 6
450
422344 (base 5) to base 9
21305
Convert -a79 (base 12) to base 15.
-6c3
-110323 (base 5) to base 3
-12021011
Convert -11251 (base 8) to base 5.
-123102
-1356 (base 8) to base 5
-11000
Convert -17327 (base 10) to base 2.
-100001110101111
Convert 1336 (base 15) to base 2.
1000000000101
What is 11333001 (base 4) in base 7?
131316
Convert 16201 (base 9) to base 11.
837a
Convert 26 (base 10) to base 13.
20
Convert 27532 (base 12) to base 5.
3214301
What is -114 (base 16) in base 11?
-231
Convert -2002 (base 6) to base 3.
-121002
Convert 9b3 (base 13) to base 10.
1667
What is 26215 (base 8) in base 5?
331110
What is 2515 (base 8) in base 16?
54d
-476c (base 13) to base 10
-10061
200 (base 4) to base 8
40
Convert 52543 (base 10) to base 15.
1087d
-15c (base 15) to base 16
-138
Convert 1cb (base 13) to base 2.
101010000
Convert 8736 (base 9) to base 12.
3880
Convert 31110 (base 6) to base 12.
2496
-15417 (base 13) to base 10
-40242
Convert d59a (base 16) to base 5.
3222212
-111110000110100 (base 2) to base 5
-2004141
106a7 (base 14) to base 12
1abb7
What is 1022000 (base 3) in base 7?
2520
What is 110202 (base 3) in base 13?
206
What is 17556 (base 8) in base 5?
224141
Convert -415434 (base 6) to base 15.
-9e81
What is -238 (base 12) in base 11?
-282
What is -37351 (base 8) in base 9?
-24074
Convert -2990 (base 11) to base 14.
-1590
What is 3431032 (base 5) in base 7?
343662
10112 (base 8) to base 16
104a
374 (base 14) to base 4
22302
Convert -618 (base 10) to base 4.
-21222
Convert 211021202 (base 3) to base 16.
3f77
What is -33e (base 16) in base 14?
-434
Convert -1051 (base 6) to base 14.
-139
Convert 4143 (base 6) to base 3.
1021100
-3a4 (base 11) to base 8
-735
What is -6 (base 11) in base 6?
-10
What is -2df (base 16) in base 3?
-1000020
-177 (base 10) to base 12
-129
-5223 (base 7) to base 4
-130212
753 (base 10) to base 12
529
What is -18ae (base 16) in base 2?
-1100010101110
Convert -22520 (base 7) to base 16.
-1673
What is 813 (base 10) in base 11?
67a
What is 221232 (base 4) in base 2?
101001101110
-5227 (base 11) to base 3
-100111112
-2555 (base 6) to base 14
-343
-2881 (base 9) to base 6
-14031
11221 (base 4) to base 7
1024
-5289 (base 11) to base 6
-52214
623 (base 7) to base 10
311
Convert 10331 (base 4) to base 10.
317
What is -251a (base 11) in base 16?
-cd8
-3087 (base 10) to base 6
-22143
What is -191c (base 13) in base 6?
-25155
What is 112143 (base 7) in base 16?
4e06
Convert -1420 (base 9) to base 2.
-10000101111
Convert -480 (base 9) to base 8.
-614
Convert -10857 (base 11) to base 12.
-909b
What is -b2ed (base 15) in base 11?
-26442
What is -1727 (base 12) in base 6?
-20451
Convert 2214322 (base 5) to base 3.
1222002210
-761 (base 14) to base 12
-a15
Convert -3305 (base 8) to base 16.
-6c5
What is 233332 (base 4) in base 7?
11644
What is 6e82 (base 15) in base 10?
23522
What is 2273 (base 15) in base 4?
1302030
2003221 (base 4) to base 11
636a
Convert 1ad (base 15) to base 5.
3023
-12031 (base 4) to base 16
-18d
223a2 (base 11) to base 13
119aa
-121221 (base 5) to base 7
-16204
Convert -844 (base 15) to base 5.
-24424
Convert 1121110022 (base 3) to base 10.
31679
What is -7385 (base 11) in base 12?
-57a5
-14867 (base 9) to base 5
-311221
What is 5a (base 16) in base 6?
230
What is 113403 (base 5) in base 4?
1002010
a84 (base 11) to base 7
3540
What is -20e (base 15) in base 9?
-565
What is 2770 (base 11) in base 5?
103321
ab4 (base 13) to base 14
953
Convert 104141 (base 6) to base 9.
12837
What is -31 (base 11) in base 15?
-24
What is 23524 (base 11) in base 10?
33906
-22200 (base 3) to base 13
-150
Convert 3777 (base 9) to base 11.
2138
What is 183 (base 12) in base 8?
363
What is 413002 (base 5) in base 13?
61b8
What is 163211 (base 7) in base 4?
13321130
Convert -164 (base 10) to base 13.
-c8
5381 (base 9) to base 5
111321
What is -10012121 (base 3) in base 10?
-2338
Conve